 + i + 4 = -m, -5*i + m = -36. Suppose p - i = 2. Is ((-24)/p)/((-3)/15) a multiple of 6?
True
Let w(q) = -2*q**3 + 2*q + 1. Let m be w(2). Let g = 25 + m. Is 7 a factor of g?
True
Let o(j) = 3*j - 5. Let b = 1 + 4. Is 5 a factor of o(b)?
True
Is 15 a factor of 1*(-84)/2*-2?
False
Suppose b = -2*d - 3*d + 93, -51 = -2*d - 5*b. Does 12 divide d?
False
Suppose 0 = -2*h + 7*h - 360. Is 8 a factor of h?
True
Suppose h + 3*h - 312 = 0. Is 13 a factor of h?
True
Let g be (374/(-33))/((-4)/6). Suppose -4*w + 12 = 0, 0 = u - 0*w - 5*w - g. Is u a multiple of 10?
False
Let w = -26 + 52. Does 4 divide w?
False
Suppose -116 = -2*t - 2*t. Suppose -4*b = 3*p - t, -2*b + 0*p + 5*p + 21 = 0. Is b a multiple of 4?
True
Let y(j) = -12*j - 6. Let i be y(-6). Suppose i = 2*l + g + 2*g, 4*l - 132 = -5*g. Suppose -k - l = -4*k. Is k a multiple of 4?
False
Is ((-7)/4)/((-4)/400) a multiple of 56?
False
Let t(c) = -c**3 + c**2 + 2*c + 3. Let v be t(-2). Let s = -16 + v. Let k(y) = -y**2 - 6*y + 1. Is 6 a factor of k(s)?
True
Is 10 a factor of (-12)/(-2)*(-14)/(-6)?
False
Suppose 3*n = -p + 1, -3*n + 2*n = 2*p + 8. Let i = 5 + p. Suppose i = -q + 2*y + 15, -3*y - 3 = -0*y. Is q a multiple of 5?
False
Suppose -2*t - 3*t + 5*p + 50 = 0, 2*p = 2. Is t a multiple of 11?
True
Does 9 divide 30/(-4)*(0 - 18)?
True
Let b(l) = l**3 - 5*l**2 + 12*l - 29. Is 24 a factor of b(5)?
False
Let m(u) = -5*u**3 - u**2 - u - 1. Let q be m(-1). Let s be (4/6)/((-10)/(-105)). Suppose w - 3*z = -3*w + 27, q*w - s = -z. Does 2 divide w?
False
Suppose -2*d + 23 = -0*d + 5*f, -5*f = -d - 11. Let x(r) = r**3 - 5*r**2 - 5*r + 2. Let g be x(6). Suppose d*q = g*q - 16. Is 4 a factor of q?
True
Let b = -115 + 220. Does 10 divide b?
False
Suppose 0 = 5*c - 4*c. Suppose 0 = 3*r, -z = -c*z + r - 6. Suppose b - 12 = z. Is b a multiple of 9?
True
Let l = -197 - -437. Is 20 a factor of l?
True
Let y(w) be the first derivative of 3*w**2/2 - 6*w - 2. Let z be y(7). Suppose 0 = -3*g - 3*q, 0 = -0*g + 2*g - q - z. Is g a multiple of 3?
False
Suppose 0 = 5*y + 3*a - 16, a - 17 = -4*y - 0*a. Suppose y*z = z + 4. Does 5 divide 5*(2 + -2 + z)?
True
Let w(r) be the first derivative of -r**4/4 + 8*r**3/3 - 3*r**2/2 - 2*r + 8. Suppose -5*i + 2*j = -17 - 16, -18 = -2*i - 4*j. Does 13 divide w(i)?
True
Let g(v) = 57*v + 3. Does 21 divide g(2)?
False
Suppose 4*o = 4*d + 4, -6 = 2*d + 3*o - 29. Suppose 0 = d*c + 18 + 6. Is 1/3 - 28/c even?
False
Let q = -1 + 6. Is 2 a factor of q?
False
Let m(j) be the second derivative of j**6/180 + 7*j**5/120 + j**4/8 + j**3/6 + 3*j. Let t(y) be the second derivative of m(y). Does 12 divide t(-6)?
False
Suppose 2*h = -y + 3, -20 + 58 = y - 5*h. Let l = y - -6. Is l a multiple of 7?
False
Suppose 2*u + 2*t = 0, -5*u - 4*t - 4 = -0*t. Does 12 divide 4642/77 + u/14?
True
Does 37 divide (3 + (-4 - 0))*-107?
False
Let u = -1 - -26. Let l = -15 + u. Does 5 divide l?
True
Let m = 8 + -3. Suppose -7*q + 10 = -m*q. Is 4 a factor of q?
False
Suppose 0 = -4*f + 5*f - 92. Suppose 2*s + f = 3*s. Suppose 0 = 5*l - 10, a + 3*a - 4*l - s = 0. Is 9 a factor of a?
False
Let y(u) = -8*u + 0 + 2 + 3*u**2 - 6. Let o be y(9). Suppose o = 5*q - 3. Is 24 a factor of q?
False
Let j be 2/(-6) + 6/18. Suppose 35 = 3*i - 3*x + 2, -3*x + 15 = 3*i. Suppose j*b + i = b. Is 7 a factor of b?
False
Let y be 0/(-2) + (-4 - -80). Suppose -3*f + y = f. Is 14 a factor of f?
False
Let w be (2 + -5)*2/(-3). Suppose -3*v + 18 = -w*v. Does 11 divide v?
False
Let w = -1 + 3. Let a be (w + -4)/(1*-2). Let q(z) = 28*z**2 + z. Is 13 a factor of q(a)?
False
Let n(w) = -10*w - 7. Let a be n(5). Let b = a + 96. Is 13 a factor of b?
True
Suppose -y - 5 - 15 = -v, -3*y - 6 = 0. Is 13 a factor of v?
False
Suppose -3*w + 3*g + 12 + 12 = 0, -4*w = 5*g + 4. Suppose 0 = t + w*i - 2*i - 9, -5*t - 2*i = -53. Is 11 a factor of t?
True
Let a(v) = v**3 + 8*v**2 - v - 4. Is 13 a factor of a(-7)?
True
Suppose 5*v = 3*g + 21, -5*g - 20 = -5*v + 5. Is 16 a factor of (g/3)/((-12)/378)?
False
Let b = 15 + -12. Does 9 divide 25 + (3/(-1))/b?
False
Suppose 4*u + 18 = -2*y, 4*u = 2*u - 3*y - 15. Let q = -2 + u. Does 6 divide (-8)/q*(-45)/(-6)?
True
Let v(y) = y**3 + 2*y**2 - 3*y + 3. Let m be v(-7). Let r = 418 + m. Suppose -4*s = -5*o - 173, -r = -4*s - 4*o + o. Does 22 divide s?
False
Suppose 3*u = 4*u - 63. Is u a multiple of 10?
False
Let m = 34 - 18. Suppose -5*g + m = -g. Let c(y) = 5*y - 2. Is 9 a factor of c(g)?
True
Let j(f) = f - 4. Let a be j(9). Suppose -2*q - 63 = -a*q. Is 14 a factor of q?
False
Is 11 a factor of 4/12 + 460/6?
True
Let p(n) = 122*n**2 - 2*n - 1. Let u be p(-1). Let c = u - 72. Is c a multiple of 15?
False
Is 7 a factor of 2/(-6) + (-350)/(-15)?
False
Suppose -97 = -5*x + 3*j, 2*x - j + 101 = 7*x. Is x a multiple of 20?
True
Let y = 16 + -13. Suppose 2*u = u + 3, -5*v - y*u + 279 = 0. Does 18 divide v?
True
Let q = 40 + -7. Let f(u) = -u - 1. Let a be f(-3). Suppose q = a*y - 3. Is 9 a factor of y?
True
Let w(t) = 5*t**2 - t - 1. Let q be w(-1). Suppose -x + q*x + 12 = 0. Is 18 a factor of x/3 + 1 - -22?
False
Let k be (-3 + 10/6)*-3. Suppose -m + k = m. Suppose -4*h = 2*j - 76, 0 = m*h - h - 3*j - 33. Is h a multiple of 8?
False
Suppose 3*p + 12 = 5*d, -d + 4*d + 4*p = 13. Let m(y) = d*y**3 + 0 - 1 + 2. Is 2 a factor of m(1)?
True
Let t(g) = g**3 + g + 1. Let x(q) = -2*q**3 - 4*q**2 - 3*q - 7. Let y(i) = -3*t(i) - x(i). Is 4 a factor of y(4)?
True
Let y = 1 + 1. Let l be y/3*60/8. Suppose -d + l = -6. Is 9 a factor of d?
False
Suppose 7*b - 13344 = 3*b. Is 13 a factor of 4/(-26) - b/(-52)?
False
Let b(s) = -s**3 - s - 1. Let f be b(0). Suppose 3*m + 3 + 10 = 5*g, 3*m = -3*g + 3. Is 5 a factor of f + -2 + g + 7?
False
Does 39 divide 3*-394*5/(-30)?
False
Suppose -250 = 4*h - 9*h. Let j = h - 26. Does 12 divide j?
True
Let o = -2 + 5. Suppose -3*n + 92 = 5*k, -o*n = -2*k + 5*k - 54. Let h = -7 + k. Does 10 divide h?
False
Let u(m) = 12*m - 4. Let s be u(-2). Is 10 a factor of (s/(-2))/((-2)/(-4))?
False
Is 1*(2 + 0)*1*37 a multiple of 14?
False
Suppose 21 - 1 = -4*c. Let n = 4 + c. Is 11 a factor of (-2)/n + (23 - 3)?
True
Suppose -3*d - 8 = -29. Let l(u) = u**3 - 6*u**2 - 6*u - 4. Is l(d) a multiple of 3?
True
Suppose 67 = -5*s + 157. Is 2 a factor of 60/(-18)*s/(-10)?
True
Let x be ((-2)/6)/((-4)/36). Let z be x/(1/(-6)*-3). Let b(h) = -h**3 + 6*h**2 + 2*h + 6. Does 8 divide b(z)?
False
Let s(i) = -3*i**2 + i + 4. Let y be s(3). Does 10 divide (y/(-15))/(4/30)?
True
Is 3 a factor of 11*(3 - 11)/(-4)?
False
Suppose -2*z + 6*z - 164 = 0. Suppose 3*g - z = 31. Suppose 7*m = 10*m - g. Is 3 a factor of m?
False
Let h(g) be the first derivative of -g**4/4 + 10*g**3/3 - 4*g**2 - 9*g - 4. Let c be h(9). Suppose 2*a - 13 - 11 = c. Does 4 divide a?
True
Let k(p) = 16*p. Let r(q) = -9*q**2 + 3*q + 4. Let c(h) = -5*h**2 + 2*h + 2. Let l(d) = 7*c(d) - 4*r(d). Let n be l(-3). Is 8 a factor of k(n)?
True
Suppose -2*x + 24 = 4*r, 2*x - 6*x = -r - 48. Does 6 divide (-3)/(1 + (-15)/x)?
True
Let f(u) = u + 3. Let t be f(0). Suppose -t*n = 5*j + 15, 5*n + j + 25 = -0*n. Is 9 a factor of (-43)/n + (-4)/(-10)?
True
Let n = -144 - -226. Does 18 divide n?
False
Suppose 154 = 3*f - 62. Suppose -3*m + 20 = 4*c, 5*c - m - 3*m - 25 = 0. Suppose -f = u - c*u. Does 6 divide u?
True
Let d = 24 - 10. Does 3 divide d?
False
Is 3/7 + 1737/63 a multiple of 14?
True
Suppose -155 = -5*c + l, -c + 0*c = -3*l - 31. Does 15 divide c?
False
Let x = 23 + 18. Let z = x - 26. Is z a multiple of 5?
True
Is (-4)/20 - (-2)/10*771 a multiple of 36?
False
Let n = -62 - -78. Is 16 a factor of n?
True
Suppose l + 3*s = -s + 44, s = -5*l + 163. Is 4 a factor of l?
True
Let q = -244 - -348. Suppose p = -3*p + q. Does 12 divide p?
False
Suppose 0*w + 650 = 5*w. Is 17 a factor of w?
False
Let p(y) = -y**3 + 7*y**2 + 3*y - 5. Suppose -2*h = 11 + 23. Let f = -10 - h. Is p(f) a multiple of 8?
True
Let f be (-93)/(-12) - (-3)/12. Suppose -f = 4*u - 44. Let y = 13 - u. Does 4 divide y?
True
Let l = 69 - -11. Does 40 divide l?
True
Let q = -4 + 15. Is q a multiple of 11?
True
Let u(p) = -p - 3. Let c be u(-5). Suppose -c*h + 6 = -0*h. Suppose 48 = h*v - 30. Is 9 a factor of v?
False
Let u be (-104)/10 - (-4)/10. Let z = u - -23. Is z a multiple of 13?
True
Let x(t) = 17*t**2 